{"id":96,"date":"2018-11-13T18:22:22","date_gmt":"2018-11-13T18:22:22","guid":{"rendered":"http:\/\/joachimdierauer.ch\/Wordpress\/?page_id=96"},"modified":"2023-02-28T14:33:24","modified_gmt":"2023-02-28T14:33:24","slug":"biografie","status":"publish","type":"page","link":"https:\/\/joachimdierauer.ch\/Wordpress\/biografie\/","title":{"rendered":"Biografie"},"content":{"rendered":"\r\n<p>Zu den Werken von Joachim Dierauer<\/p>\r\n\r\n\r\n\r\n<p>In Spinozas Ethik findet sich der bemerkenswerte Satz: \u201eDie Natur und die Kr\u00e4fte der Affekte\u201c werde ich \u201enach derselben Methode behandeln, nach der ich in den vorigen Teilen von Gott und dem Geist gehandelt habe, und ich werde die menschlichen Handlungen und Triebe gerade so betrachten, als ob es eine Frage von Linien, Fl\u00e4chen und K\u00f6rpern sei.\u201c<\/p>\r\n\r\n\r\n\r\n<p>Das ist eine un\u00fcbliche Sichtweise auf Affekte, aber sie scheint etwas in den Bildern von Joachim Dierauer zu treffen. Affekte transformieren, transfigurieren sich hier in Linien, Fl\u00e4chen, K\u00f6rper. Sie artikulieren sich in ihnen, in geraden und gebrochenen Linien, in geneigten Fl\u00e4chen, in gekr\u00fcmmten K\u00f6rpern.<\/p>\r\n\r\n\r\n\r\n<p>Man k\u00f6nnte versuchen, diese Bilder mit Vorbildern aus der Kunstgeschichte in Verbindung zu bringen; mit Namen wie Kirchner, Munch, Macke oder mit Formen und Materialien der Expressionisten. Solche Vergleiche haben aber stets etwas Pauschalisierendes und Kategorisierendes und sind schlicht zu ungelenk, um den Artikulationen <em>dieser<\/em> Bilder gerecht zu werden. Schliesslich sind diese, jedes f\u00fcr sich, singul\u00e4re Schaffenspunkte, die das Auge in Bewegung setzen und es zwingen gewissen Linien zu folgen, Geraden und Ungeraden, Fortsetzungen und Br\u00fcchen.<\/p>\r\n\r\n\r\n\r\n<p>Dierauers Werke sind keine Konzeptkunst, keine Darstellung von Ideen. Entscheidend ist nicht die Bedeutung, sondern die Wirkung, die sich aus ihnen entwickelt, entfaltet \u2013 manchmal behutsam, manchmal eruptiv. Deshalb sind sie ein <em>Ausdruck<\/em>, eine <em>Expression<\/em>.<\/p>\r\n\r\n\r\n\r\n<p>Und deshalb k\u00f6nnte man ihnen mit Spinoza begegnen. Spinoza ist kein ,typischer\u2018 Philosoph der K\u00fcnste wie Benjamin, Adorno, Heidegger, Deleuze und andere. Umso unbefangener kann man mit ihm ans Werk gehen. Der Begriff Ausdruck, Expression ist ein Leitbegriff seiner Ethik. Entgegen der \u00fcblichen Verwendung bezeichnet er nichts Subjektives. <em>Was<\/em> sich ausdr\u00fcckt, ist vielmehr die Essenz der Substanz bzw. Gott oder die Natur <em>(deus sive natura<\/em>). <em>Wie<\/em> sich jene ausdr\u00fcckt, sind die endlichen Modi. Modi sind alle geistigen und k\u00f6rperlichen ,Einzeldinge\u2018 wie Gedanken oder Gegenst\u00e4nde, die im Ausdrucksprozess erst Gestalt annehmen. Dieser Prozess ist \u2013 so w\u00fcrde man heute sagen \u2013 gr\u00f6sstenteils unbewusst, nicht-intentional, nicht-zielgerichtet.<\/p>\r\n\r\n\r\n\r\n<p>Nichts, das vorher feststehend oder identifizierbar w\u00e4re. Alles ist nur <em>als <\/em>Ausdruck gegeben. Und so haben auch Personen keine feststehenden Identit\u00e4ten, sondern <em>sind <\/em>eine Multiplizit\u00e4t von Affekten, die mit Affekten anderer Personen wechselwirken, widerstreiten, sich \u00fcberlagern, \u00fcberschreiben, verst\u00e4rken, ausl\u00f6schen. Solche Affekte k\u00f6nnen Angst, Verletzlichkeit, Z\u00e4rtlichkeit, Zuneigung sein. In den Bildern sind ihre Linien eingraviert und hinterlassen umgekehrt Spuren beim Betrachter.<\/p>\r\n\r\n\r\n\r\n<p>Wie in Spinozas Parallelismus ist dies zugleich ein geistiger und k\u00f6rperlicher Vorgang. Deshalb spielt auch die Materialit\u00e4t der Bilder eine Rolle. Wer einmal Joachim Dierauers Atelier besuchen durfte, trifft dort Pressen, Walzen und Maschinen an und staunt, dass sich mit solch wuchtigem Ger\u00e4t solch filigrane Bilder fertigen lassen. Dazu bedarf es viel handwerklichen Geschicks und langer Erfahrung. Die Lithographien und Holzschnitte gehen unter hohem physischem und psychischem Druck hervor, sind hochexpressiv und hochsensibel. Ihre Linien, Fl\u00e4chen und K\u00f6rper sind ein Ausdruck und eine Artikulation, die ihresgleichen sucht.<\/p>\r\n\r\n\r\n\r\n<p>Dr. Dr. Timon Boehm (Maienfeld)<\/p>\r\n\r\n<p><u>Biografische Angaben<\/u><br \/>1971 geboren in Chur<br \/>1987-89 Vorkurs, Schule f\u00fcr Gestaltung, St. Gallen<br \/>1991-97 Studium freie Kunst bei H.G. Prager, Hochschule bildender K\u00fcnste, Braunschweig\/D<br \/>1998 Meistersch\u00fcler bei J.M. Armleder, Hochschule bildender K\u00fcnste, Braunschweig\/D<br \/>seit 2003 Mitglied Lithographie und Radierwerkstatt Schloss Haldenstein<br \/>2005 &#8211; 2011 B\u00fchnenbild und Schauspiel, InSitu, Chur<br \/>seit 2003\/2014 eigenes Atelier f\u00fcr Malerei und Keramik\/Lithographie und Radierung in Chur<br \/>seit 2023 technische und k\u00fcnstlerische Leitung der Druckwerkstatt Schloss Haldenstein, Chur<\/p>\r\n<p><u>Ausstellungen<\/u><br \/>1998 Eidgen\u00f6ssischer Preis f\u00fcr freie Kunst, Museum zu Allerheiligen, Schaffhausen<br \/>2000 Geometrische Variationen, \u00d6lbilder, Klib\u00fchni, Das Theater, Chur<br \/>2002 Ausstellung Cit\u00e9 Internationale des Arts, Paris<br \/>2006 Weisser Raum, Keramik und Film, InSitu, Postremise, Chur<br \/>2006 Druckgrafik-Ausstellung, Galaria Fravi, Domat\/Ems<br \/>2010 Jubil\u00e4umsausstellung, 10 Jahre Lithographiewerkstatt, Haldenstein<br \/>2011 Druckgrafik-Ausstellung, Klib\u00fchni, Das Theater, Chur<br \/>2011 Stauseen, \u00d6lbilder, Gerstlerareal, Pulverm\u00fchlestrasse 20, Chur<br \/>2014 Einblicke, Doppelausstellung mit Mathias Balzer, Galeria Fravi, Domat\/Ems<br \/>2016 Lieber K\u00fcnstler \u2013 Bitte st\u00f6ren! Galerie Cuadro 22, Chur<br \/>2017 Gruppenausstellung, Lithographiewerkstatt Haldenstein, Museum Sursilvan, Trun<br \/>2017 Jahresausstellung B\u00fcndner K\u00fcnstler, B\u00fcndner Kunstmuseum, Chur<br \/>2018 Impressive Genova, Ass. Culturale &#171;Librida&#187;, Genua<br \/>2018 Neue Arbeiten, Galaria Fravi, Domat\/Ems<br \/>2019 Impressive Genova, Stadtgalerie Chur, Chur<br \/>2019 B\u00fcndner Werkschau, Haus am Arcas, Chur<br \/>2019 Sommerausstellung, Galaria Fravi, Domat\/Ems<br \/>2019 &#171;Potpourri III&#187;, Galerie L\u00f6wen, Chur<br \/>2020 Druckgrafik-Ausstellung, Galerie \/ Edition Z, Chur, (mit Katalogedition)<br \/><span style=\"font-size: medium;\">2020 B\u00fcndner Werkschau, Verein &#171;Kabinett der Vision\u00e4re&#187;, Sennhof, Chur<br \/><\/span><span style=\"font-size: medium;\">2020 Jahresausstellung der B\u00fcndner K\u00fcnstlerinnen und K\u00fcnstler, B\u00fcndner Kunstmuseum, Chur<br \/><\/span><span style=\"font-size: medium;\">2020 Druckgrafik Ausstellung &#171;Druckgrafik redet mit&#187;, der Druckwerkstatt Haldenstein<br \/><\/span><span style=\"font-size: medium;\">2021 Zeiten Leichtf\u00fcssigen Schritts \/ Grafik \/ Poesie, Musik, Galaria Fravi, Domat\/Ems<br \/>2021 Jahresausstellung der B\u00fcndner K\u00fcnstlerinnen und K\u00fcnstler, B\u00fcndner Kunstmuseum, Chur<br \/>2021 Druckgrafik, Ausstellung der Druckwerkstatt Schloss Haldenstein, Stadtgalerie, Chur<br \/>2022 Ausstellung &#171;Arbeiten Paris&#187;, Stadgalerie, Chur<br \/>2022 Gruppenausstellung &#171;Sex, Death &amp; Robots&#187;, Cuadro 22, Chur<br \/>2022 Ausstellung der Druckwerkstatt Schloss Haldenstein, Stadtgalerie, Chur<br \/>2023 Open House, Anra K\u00fcnstlerhaus, Lottstetten<br \/><\/span><\/p>\r\n<p><u>Kunstpreise\/Stipendien<\/u><br \/>1996 Werkstipendium der Preussag Stahl AG, Salzgitter\/D<br \/>1997 DAAD-Preis f\u00fcr ausl\u00e4ndische Studierende, HdK Braunschweig\/D<br \/>1998 Eidgen\u00f6ssischer Preis f\u00fcr freie Kunst<br \/>2002 Stipendium der Vis Arte Schweiz in der Cit\u00e9 Internationale des Arts in Paris<br \/>2002 F\u00f6rderpreis des Kantons Graub\u00fcnden<br \/>2004 Lithographie-Stipendium des Kantons Graub\u00fcnden, Berlin\/Treptow\/D<br \/>2012 Wettbewerb professionellen Kulturschaffens, Kantons Graub\u00fcnden<br \/>2017 Atelierstipendium der Stadt Chur in Genua<br \/><span style=\"font-size: medium;\">2020 Stipendium der Vis Arte Graub\u00fcden in der Cit\u00e9 Internationale des Arts in Paris<br \/>2022 Atelierstipendium der Stadt Chur in Kairo<br \/><\/span><\/p>","protected":false},"excerpt":{"rendered":"<p>Zu den Werken von Joachim Dierauer In Spinozas Ethik findet sich der bemerkenswerte Satz: \u201eDie Natur und die Kr\u00e4fte der Affekte\u201c werde ich \u201enach derselben Methode behandeln, nach der ich in den vorigen Teilen von Gott und dem Geist gehandelt habe, und ich werde die menschlichen Handlungen und Triebe gerade so betrachten, als ob es<\/p>\n<p class=\"more-link-wrapper\"><a href=\"https:\/\/joachimdierauer.ch\/Wordpress\/biografie\/\" class=\"more-link\">Continue Reading<span class=\"screen-reader-text\"> &#171;Biografie&#187;<\/span><\/a><\/p>\n","protected":false},"author":1,"featured_media":0,"parent":0,"menu_order":0,"comment_status":"closed","ping_status":"closed","template":"template-full.php","meta":{"footnotes":""},"class_list":["post-96","page","type-page","status-publish","hentry"],"_links":{"self":[{"href":"https:\/\/joachimdierauer.ch\/Wordpress\/wp-json\/wp\/v2\/pages\/96","targetHints":{"allow":["GET"]}}],"collection":[{"href":"https:\/\/joachimdierauer.ch\/Wordpress\/wp-json\/wp\/v2\/pages"}],"about":[{"href":"https:\/\/joachimdierauer.ch\/Wordpress\/wp-json\/wp\/v2\/types\/page"}],"author":[{"embeddable":true,"href":"https:\/\/joachimdierauer.ch\/Wordpress\/wp-json\/wp\/v2\/users\/1"}],"replies":[{"embeddable":true,"href":"https:\/\/joachimdierauer.ch\/Wordpress\/wp-json\/wp\/v2\/comments?post=96"}],"version-history":[{"count":16,"href":"https:\/\/joachimdierauer.ch\/Wordpress\/wp-json\/wp\/v2\/pages\/96\/revisions"}],"predecessor-version":[{"id":329,"href":"https:\/\/joachimdierauer.ch\/Wordpress\/wp-json\/wp\/v2\/pages\/96\/revisions\/329"}],"wp:attachment":[{"href":"https:\/\/joachimdierauer.ch\/Wordpress\/wp-json\/wp\/v2\/media?parent=96"}],"curies":[{"name":"wp","href":"https:\/\/api.w.org\/{rel}","templated":true}]}}

<p>Zu den Werken von Joachim Dierauer</p>



<p>In Spinozas Ethik findet sich der bemerkenswerte Satz: „Die Natur und die Kräfte der Affekte“ werde ich „nach derselben Methode behandeln, nach der ich in den vorigen Teilen von Gott und dem Geist gehandelt habe, und ich werde die menschlichen Handlungen und Triebe gerade so betrachten, als ob es eine Frage von Linien, Flächen und Körpern sei.“</p>



<p>Das ist eine unübliche Sichtweise auf Affekte, aber sie scheint etwas in den Bildern von Joachim Dierauer zu treffen. Affekte transformieren, transfigurieren sich hier in Linien, Flächen, Körper. Sie artikulieren sich in ihnen, in geraden und gebrochenen Linien, in geneigten Flächen, in gekrümmten Körpern.</p>



<p>Man könnte versuchen, diese Bilder mit Vorbildern aus der Kunstgeschichte in Verbindung zu bringen; mit Namen wie Kirchner, Munch, Macke oder mit Formen und Materialien der Expressionisten. Solche Vergleiche haben aber stets etwas Pauschalisierendes und Kategorisierendes und sind schlicht zu ungelenk, um den Artikulationen <em>dieser</em> Bilder gerecht zu werden. Schliesslich sind diese, jedes für sich, singuläre Schaffenspunkte, die das Auge in Bewegung setzen und es zwingen gewissen Linien zu folgen, Geraden und Ungeraden, Fortsetzungen und Brüchen.</p>



<p>Dierauers Werke sind keine Konzeptkunst, keine Darstellung von Ideen. Entscheidend ist nicht die Bedeutung, sondern die Wirkung, die sich aus ihnen entwickelt, entfaltet – manchmal behutsam, manchmal eruptiv. Deshalb sind sie ein <em>Ausdruck</em>, eine <em>Expression</em>.</p>



<p>Und deshalb könnte man ihnen mit Spinoza begegnen. Spinoza ist kein ,typischer‘ Philosoph der Künste wie Benjamin, Adorno, Heidegger, Deleuze und andere. Umso unbefangener kann man mit ihm ans Werk gehen. Der Begriff Ausdruck, Expression ist ein Leitbegriff seiner Ethik. Entgegen der üblichen Verwendung bezeichnet er nichts Subjektives. <em>Was</em> sich ausdrückt, ist vielmehr die Essenz der Substanz bzw. Gott oder die Natur <em>(deus sive natura</em>). <em>Wie</em> sich jene ausdrückt, sind die endlichen Modi. Modi sind alle geistigen und körperlichen ,Einzeldinge‘ wie Gedanken oder Gegenstände, die im Ausdrucksprozess erst Gestalt annehmen. Dieser Prozess ist – so würde man heute sagen – grösstenteils unbewusst, nicht-intentional, nicht-zielgerichtet.</p>



<p>Nichts, das vorher feststehend oder identifizierbar wäre. Alles ist nur <em>als </em>Ausdruck gegeben. Und so haben auch Personen keine feststehenden Identitäten, sondern <em>sind </em>eine Multiplizität von Affekten, die mit Affekten anderer Personen wechselwirken, widerstreiten, sich überlagern, überschreiben, verstärken, auslöschen. Solche Affekte können Angst, Verletzlichkeit, Zärtlichkeit, Zuneigung sein. In den Bildern sind ihre Linien eingraviert und hinterlassen umgekehrt Spuren beim Betrachter.</p>



<p>Wie in Spinozas Parallelismus ist dies zugleich ein geistiger und körperlicher Vorgang. Deshalb spielt auch die Materialität der Bilder eine Rolle. Wer einmal Joachim Dierauers Atelier besuchen durfte, trifft dort Pressen, Walzen und Maschinen an und staunt, dass sich mit solch wuchtigem Gerät solch filigrane Bilder fertigen lassen. Dazu bedarf es viel handwerklichen Geschicks und langer Erfahrung. Die Lithographien und Holzschnitte gehen unter hohem physischem und psychischem Druck hervor, sind hochexpressiv und hochsensibel. Ihre Linien, Flächen und Körper sind ein Ausdruck und eine Artikulation, die ihresgleichen sucht.</p>



<p>Dr. Dr. Timon Boehm (Maienfeld)</p>

<p><u>Biografische Angaben</u><br />1971 geboren in Chur<br />1987-89 Vorkurs, Schule für Gestaltung, St. Gallen<br />1991-97 Studium freie Kunst bei H.G. Prager, Hochschule bildender Künste, Braunschweig/D<br />1998 Meisterschüler bei J.M. Armleder, Hochschule bildender Künste, Braunschweig/D<br />seit 2003 Mitglied Lithographie und Radierwerkstatt Schloss Haldenstein<br />2005 &#8211; 2011 Bühnenbild und Schauspiel, InSitu, Chur<br />seit 2003/2014 eigenes Atelier für Malerei und Keramik/Lithographie und Radierung in Chur<br />seit 2023 technische und künstlerische Leitung der Druckwerkstatt Schloss Haldenstein, Chur</p>
<p><u>Ausstellungen</u><br />1998 Eidgenössischer Preis für freie Kunst, Museum zu Allerheiligen, Schaffhausen<br />2000 Geometrische Variationen, Ölbilder, Klibühni, Das Theater, Chur<br />2002 Ausstellung Cité Internationale des Arts, Paris<br />2006 Weisser Raum, Keramik und Film, InSitu, Postremise, Chur<br />2006 Druckgrafik-Ausstellung, Galaria Fravi, Domat/Ems<br />2010 Jubiläumsausstellung, 10 Jahre Lithographiewerkstatt, Haldenstein<br />2011 Druckgrafik-Ausstellung, Klibühni, Das Theater, Chur<br />2011 Stauseen, Ölbilder, Gerstlerareal, Pulvermühlestrasse 20, Chur<br />2014 Einblicke, Doppelausstellung mit Mathias Balzer, Galeria Fravi, Domat/Ems<br />2016 Lieber Künstler – Bitte stören! Galerie Cuadro 22, Chur<br />2017 Gruppenausstellung, Lithographiewerkstatt Haldenstein, Museum Sursilvan, Trun<br />2017 Jahresausstellung Bündner Künstler, Bündner Kunstmuseum, Chur<br />2018 Impressive Genova, Ass. Culturale &#171;Librida&#187;, Genua<br />2018 Neue Arbeiten, Galaria Fravi, Domat/Ems<br />2019 Impressive Genova, Stadtgalerie Chur, Chur<br />2019 Bündner Werkschau, Haus am Arcas, Chur<br />2019 Sommerausstellung, Galaria Fravi, Domat/Ems<br />2019 &#171;Potpourri III&#187;, Galerie Löwen, Chur<br />2020 Druckgrafik-Ausstellung, Galerie / Edition Z, Chur, (mit Katalogedition)<br /><span style="font-size: medium;">2020 Bündner Werkschau, Verein &#171;Kabinett der Visionäre&#187;, Sennhof, Chur<br /></span><span style="font-size: medium;">2020 Jahresausstellung der Bündner Künstlerinnen und Künstler, Bündner Kunstmuseum, Chur<br /></span><span style="font-size: medium;">2020 Druckgrafik Ausstellung &#171;Druckgrafik redet mit&#187;, der Druckwerkstatt Haldenstein<br /></span><span style="font-size: medium;">2021 Zeiten Leichtfüssigen Schritts / Grafik / Poesie, Musik, Galaria Fravi, Domat/Ems<br />2021 Jahresausstellung der Bündner Künstlerinnen und Künstler, Bündner Kunstmuseum, Chur<br />2021 Druckgrafik, Ausstellung der Druckwerkstatt Schloss Haldenstein, Stadtgalerie, Chur<br />2022 Ausstellung &#171;Arbeiten Paris&#187;, Stadgalerie, Chur<br />2022 Gruppenausstellung &#171;Sex, Death &amp; Robots&#187;, Cuadro 22, Chur<br />2022 Ausstellung der Druckwerkstatt Schloss Haldenstein, Stadtgalerie, Chur<br />2023 Open House, Anra Künstlerhaus, Lottstetten<br /></span></p>
<p><u>Kunstpreise/Stipendien</u><br />1996 Werkstipendium der Preussag Stahl AG, Salzgitter/D<br />1997 DAAD-Preis für ausländische Studierende, HdK Braunschweig/D<br />1998 Eidgenössischer Preis für freie Kunst<br />2002 Stipendium der Vis Arte Schweiz in der Cité Internationale des Arts in Paris<br />2002 Förderpreis des Kantons Graubünden<br />2004 Lithographie-Stipendium des Kantons Graubünden, Berlin/Treptow/D<br />2012 Wettbewerb professionellen Kulturschaffens, Kantons Graubünden<br />2017 Atelierstipendium der Stadt Chur in Genua<br /><span style="font-size: medium;">2020 Stipendium der Vis Arte Graubüden in der Cité Internationale des Arts in Paris<br />2022 Atelierstipendium der Stadt Chur in Kairo<br /></span></p>

<p>Zu den Werken von Joachim Dierauer In Spinozas Ethik findet sich der bemerkenswerte Satz: „Die Natur und die Kräfte der Affekte“ werde ich „nach derselben Methode behandeln, nach der ich in den vorigen Teilen von Gott und dem Geist gehandelt habe, und ich werde die menschlichen Handlungen und Triebe gerade so betrachten, als ob es</p>
<p class="more-link-wrapper"><a href="https://joachimdierauer.ch/Wordpress/biografie/" class="more-link">Continue Reading<span class="screen-reader-text"> &#171;Biografie&#187;</span></a></p>
